3*c - 4*w - 4067 = -0*w, 6797 = g*c - 2*w. Is c prime?
True
Let l(d) = -d**3 + 6*d**2 - 2*d + 14. Let t be l(6). Suppose t*m - 517 = 3*j - 98, 4*j + 558 = 2*m. Let s = 252 + j. Is s a prime number?
True
Suppose -4*s - 91898 = -m, -21*s = m - 18*s - 91877. Is m prime?
False
Let v(a) = -197*a - 43. Let t be (-10)/(-2) + (-19 - 2). Is v(t) a composite number?
False
Suppose 0 = -0*h - 5*h - 3*r + 84539, 0 = 3*h - 5*r - 50737. Is h composite?
True
Suppose 2*x = -4*a + 2*a - 95976, 5*x - a + 239922 = 0. Let o = -23546 - x. Is o a composite number?
False
Let h = 18365 - -39886. Is h composite?
True
Suppose -7620459 = -60*i + 2475801. Is i composite?
True
Let h(r) = 206 + r**2 + r - 269 + 6*r**2. Is h(-8) composite?
True
Let n(j) = j**3 + 51*j**2 + 119*j + 374. Is n(-45) prime?
False
Let y = 2 + 0. Suppose 4*m - 2*m + a = 4122, -5*m + y*a = -10314. Is m a composite number?
True
Let u(m) be the second derivative of 5/3*m**3 + 19/2*m**2 - 1/20*m**5 + m**4 + 0 - 15*m. Is u(12) composite?
False
Suppose -3*d + 4*c = -21, 0 = -35*d + 39*d + 3*c - 28. Is (-177432)/(-9) + 0 - d/(-21) a composite number?
True
Let j(m) = 29*m + 6 - 1 - 111*m - 12 - 29. Is j(-37) a composite number?
True
Let f = -15 + 27. Let d(v) = 32*v**2 + 6*v - 37. Let b be d(f). Suppose -6*t + 679 = -b. Is t a composite number?
False
Let a = -131880 + 884965. Is a a composite number?
True
Suppose 0*p - 3*c - 36 = -3*p, 18 = 2*p + c. Suppose -l + p = -o, 9 = -2*o - 1. Suppose -i + l*i + 5*t - 7939 = 0, 4*t = -5*i + 9917. Is i composite?
True
Is 12/(-42)*-35 + 813804 a composite number?
True
Suppose 0 = 2*i + 3*s - 113056, 9*i - 56525 = 8*i - s. Is i composite?
False
Suppose -6*i - 25783 = 13*i. Let k = -770 - i. Is k a prime number?
True
Let b(v) = 2412*v - 149. Is b(20) a composite number?
False
Is (-2 - 296549)/(13 + -14) prime?
True
Let u = 66781 + 71053. Is u a composite number?
True
Let x = -15 - -23. Suppose 2*j + 10 = x. Is (-5)/(1 - 6)*(-274)/j prime?
False
Let i(v) = v**3 - 7*v**2 - 2*v + 5. Let h(b) = b**3 - 5*b**2 - 6*b + 9. Let p be h(6). Let q be i(p). Suppose -1367 - q = -4*x. Is x a composite number?
False
Let h = 11425 - -6912. Is h prime?
False
Suppose 5*k - 4*b = 7662837, -3*k + 6*b + 4597713 = 9*b. Is k a prime number?
False
Let a = -13518 - -33065. Is a prime?
False
Let t(h) = 55*h**3 - 10*h**2 + 2*h + 13. Suppose 30*s - 17*s - 78 = 0. Is t(s) a composite number?
True
Suppose 4*h = t - 883967, -2760215 + 108321 = -3*t + 5*h. Is t prime?
True
Let r(v) be the third derivative of v**5/15 + 5*v**4/12 + 37*v**3/6 - 178*v**2. Is r(15) composite?
False
Let x be 0/(-3) - -3 - 26307. Let v = -15367 - x. Is v prime?
True
Suppose 801*i - 819*i + 874474 + 706124 = 0. Is i composite?
False
Suppose 2*h - 9*r = -7*r - 22, -h - 2*r + 4 = 0. Is ((-20)/4 + 2 - h) + 2330 a prime number?
True
Let m(v) be the second derivative of v**5/15 - v**4/12 + 5*v**3/6 - 5*v**2 + 17*v. Let l(h) be the first derivative of m(h). Is l(11) a prime number?
True
Suppose -19*x + 1323822 + 331090 = 221951. Is x prime?
False
Let k(b) = 408*b - 219. Let f(s) = -408*s + 223. Let c(x) = -4*f(x) - 5*k(x). Is c(-13) a composite number?
False
Let g(h) = -185925*h + 8012. Is g(-3) prime?
True
Let f = 39 - 39. Suppose f = g - 3*s - 108230, 3*s + 432907 = 4*g + 4*s. Is g a composite number?
True
Let p(t) = 8537*t - 17. Suppose -62 = 7*q - 76. Is p(q) composite?
True
Suppose -2373388 = -9*a + 759953. Is a a composite number?
False
Is 6*(-17372)/(-8) - 6/(6 - 3) composite?
True
Let m = -149 - -152. Is 0 + 4279 - (m - (-7 - -14)) a prime number?
True
Suppose -39*n + 5*a + 236429 = -35*n, 0 = -n - 5*a + 59076. Is n a composite number?
True
Let f(o) = 465*o**2 - 4*o + 5. Let w be f(1). Suppose 4*i = 2*s - 5*s + w, -s = 2. Is i composite?
True
Let v = -50438 + 140469. Is v prime?
True
Let y be 9*((-4)/(-3))/(-4). Let c be (-289)/y + 16/(-3) + 6. Suppose 0 = -3*k + c + 284. Is k composite?
False
Let h(o) be the second derivative of 457*o**3/3 + 47*o**2/2 + o - 21. Is h(3) a composite number?
False
Suppose 0 = 279*t - 274*t - 693635. Is t prime?
True
Let a = 20 + -24. Is -6 - 156/(-24) - 4242/a prime?
True
Let a(b) = 2357*b - 1615. Is a(12) a composite number?
False
Suppose 434560 = 20*f + 117380. Is f a composite number?
False
Let p(q) = 121466*q + 4755. Is p(17) prime?
False
Suppose 0 = 2*w - 4*w - 10. Let y(z) be the first derivative of 31*z**3/3 + z**2 - 22*z - 90. Is y(w) composite?
False
Let k(g) = g. Let w(u) = -1647*u - 409. Let q(l) = -3*k(l) + w(l). Is q(-25) a composite number?
False
Suppose 3*q - 897*s = -901*s + 148021, -246700 = -5*q - 5*s. Is q a prime number?
True
Suppose -g + 18 = 2*g + 4*h, -5*g - 3*h = -19. Suppose -2108 - 501 = -k + 4*r, -4*r + 5278 = g*k. Is k composite?
True
Suppose -u + 3*i - 531 = 1389, -5*u - 9642 = -i. Let t = -88 - u. Is t a prime number?
False
Let a(d) = 43*d**2 - 8*d - 27. Let t be a(8). Suppose 883 = -2*n + 3*n - 3*g, -3*g = 3*n - t. Let x = -477 + n. Is x prime?
True
Suppose -63*s + 2275963 + 704005 = 52673. Is s a composite number?
True
Suppose -8*p + 7*p + 11 = 0. Let x(o) = o**2 - 11*o + 3. Let z be x(p). Suppose 6*q - 5*i + 5 = 11*q, 2*q - z*i = 27. Is q a composite number?
True
Suppose 0 = 23*f + 118*f - 4200249. Is f a composite number?
False
Let h be 3/(284979/(-35622) - -8). Let o = -20188 - h. Is o a prime number?
False
Is 42/210 - ((-11216)/200)/(2/1420) prime?
False
Suppose -2*g = -195732 - 80086. Is g prime?
True
Let m(n) = n**3 + 44*n**2 + 85*n + 42. Let r be m(-42). Suppose 366*q - 364*q - 41522 = r. Is q a composite number?
True
Is (5/(-10))/(((-2)/(-825009))/(36/(-27))) prime?
True
Suppose 0 = -15*o + 49*o - 2273381 - 414761. Is o prime?
True
Let r(m) = -5*m - 62. Let s be r(-16). Let w be (-5)/(-2) + (5 - 81/s). Suppose -2*t = w*t - j - 5100, 5085 = 5*t + 2*j. Is t a prime number?
True
Suppose 136*q - 138*q + 2*o = -1001738, -5*o - 500893 = -q. Is q composite?
True
Let u(g) = 1412*g - 727. Is u(43) prime?
False
Suppose 4108 = 3*p - 0*b + 5*b, -b = -4*p + 5462. Let x = -595 + p. Is x composite?
True
Let g(v) = 2*v**2 - 36*v - 78. Let q be g(-2). Suppose -q*b = -13*b + 19349. Is b a composite number?
False
Let d(x) = -x + 1. Let m(t) = 94*t**2 - 5*t - 2. Let y(c) = -5*d(c) + m(c). Is y(4) a prime number?
False
Suppose -1002961 = -4*l - 5*o, 2*l - 220*o - 501473 = -215*o. Is l a composite number?
False
Suppose -1891757 = 14*p - 16*p - 5*p. Is p a composite number?
True
Suppose 0 = -126*a + 4106013 + 34708413. Is a composite?
False
Let h(g) = 28*g**2 - 397*g - 125. Is h(36) a composite number?
False
Let y = -53 - -53. Suppose -s + 3123 = 3*f, 0 = 3*s - 8*s - f + 15685. Suppose 2*w - 4*d = -0*d + s, -5*w - d + 7801 = y. Is w a prime number?
False
Let z = 318459 + -100486. Is z composite?
True
Is 40405*10/(-20)*(-10 + 8) a prime number?
False
Let o be 1/(2/4 + 1701/(-3414)). Let h be ((-7)/14)/((-2)/16). Suppose h*y - 3093 = -o. Is y composite?
False
Is 479698836/2046 - 1/(-11) a prime number?
True
Let d = 117 - 119. Let w(a) = -72*a**3 - 4*a - 3. Is w(d) a composite number?
True
Suppose 2*l - 4*l = 0. Suppose 5*v - 2 = 6*x - 3*x, l = 4*x - v - 3. Is (x + 1/1)/(28/2674) a prime number?
True
Suppose -7*a - 48448 = -9*a + 2*r, 2*r = 3*a - 72668. Let m = a - 9521. Is m a prime number?
True
Let j = 63809 - -92454. Is j prime?
False
Is (0 - 2)*(-18)/36*-211*-1471 a prime number?
False
Suppose -58309 = -279*a + 277*a + 68173. Is a a composite number?
False
Let b(p) = 57993*p - 7172. Is b(7) a prime number?
False
Let w(s) = -15*s**3 - 5*s**2 - 12*s + 5. Suppose 12 = 288*h - 290*h. Is w(h) composite?
False
Suppose 0 = 1318*s - 633*s - 628*s - 32281323. Is s composite?
True
Suppose -3*d + 1 = -17. Suppose 5*o - 3*o = d. Suppose -2657 = -o*v - 5*b, 0*b - 1780 = -2*v + b. Is v a prime number?
False
Let l be (5/2)/((-70)/(-56)) + 0. Suppose -l*m - 212845 = -7*m. Is m a composite number?
False
Let w(k) = -k**3 + 12*k**2 - 22*k + 19. Let y be w(10). Let x be y - 11/(44/(-24)). Suppose -3*d + 62 = -x*r, -4*d - 5*r = -5*d + 34. Is d a prime number?
False
Suppose -3*f + 10 = -f. Suppose -2*u + 4 = 2*u - c, 4 = c. Suppose u*t - f*t + 1005 = 0. Is t a prime number?
False
Let s = -1627 + 3099. Let d = s - -14655. Is d a composite number?
False
Suppose -18546 = -30*z + 28*z. Suppose 0 =